{"id":385,"date":"2020-02-26T16:16:44","date_gmt":"2020-02-26T15:16:44","guid":{"rendered":"https:\/\/zuugs.hfh.ch\/verhalten\/?post_type=chapter&#038;p=385"},"modified":"2024-06-19T22:36:19","modified_gmt":"2024-06-19T20:36:19","slug":"geschichte-und-vertreter","status":"publish","type":"chapter","link":"https:\/\/zuugs.hfh.ch\/verhalten\/chapter\/geschichte-und-vertreter\/","title":{"raw":"Geschichte und Vertreter","rendered":"Geschichte und Vertreter"},"content":{"raw":"<h2 class=\"ilc_page_title_PageTitle\">Dirk Baecker: Was heisst grosse Soziologie?<\/h2>\r\n<p class=\"ilc_Paragraph ilc_text_block_Standard\">Wer mehr \u00fcber grosse Soziologen und grosse Gedanken der Soziologie wissen m\u00f6chte, kann sich das folgende Video anschauen: <span class=\"ilc_text_inline_Strong\">\u00abVier Denker geh\u00f6ren zu den Gr\u00fcndern der klassischen Sozialforschung: die Franzosen Gabriel de Tarde und \u00c9mile Durkheim und die Deutschen Max Weber und Georg Simmel. Auf diese grossen Vier antwortet Niklas Luhmann\u00bb. Darin <\/span> spricht der Soziologe <span class=\"ilc_text_inline_Emph\"><i>Dirk Baecker<\/i> <\/span>\u00fcber Gabriel de Tarde, \u00c9mile Durkheim, Max Weber, Georg Simmel und Niklas Luhmann (2008). Interview: Alexander Kluge.<\/p>\r\n[embed]https:\/\/www.youtube.com\/watch?v=OPnf9GoJJyk&amp;feature=emb_logo[\/embed]\r\n\r\n<span class=\"ilc_text_inline_Strong\"><b>Dirk Baecker<\/b><\/span> (geb. 1955) ist ein deutscher Soziologe und Inhaber des Lehrstuhls f\u00fcr Kulturtheorie und Management an der Universit\u00e4t Witten\/Herdecke (Quelle: Wikipedia).","rendered":"<h2 class=\"ilc_page_title_PageTitle\">Dirk Baecker: Was heisst grosse Soziologie?<\/h2>\n<p class=\"ilc_Paragraph ilc_text_block_Standard\">Wer mehr \u00fcber grosse Soziologen und grosse Gedanken der Soziologie wissen m\u00f6chte, kann sich das folgende Video anschauen: <span class=\"ilc_text_inline_Strong\">\u00abVier Denker geh\u00f6ren zu den Gr\u00fcndern der klassischen Sozialforschung: die Franzosen Gabriel de Tarde und \u00c9mile Durkheim und die Deutschen Max Weber und Georg Simmel. Auf diese grossen Vier antwortet Niklas Luhmann\u00bb. Darin <\/span> spricht der Soziologe <span class=\"ilc_text_inline_Emph\"><i>Dirk Baecker<\/i> <\/span>\u00fcber Gabriel de Tarde, \u00c9mile Durkheim, Max Weber, Georg Simmel und Niklas Luhmann (2008). Interview: Alexander Kluge.<\/p>\n<p><iframe loading=\"lazy\" id=\"oembed-1\" title=\"Dirk Baecker: Was hei\u00dft gro\u00dfe Soziologie? (dctp: Prime Time)\" width=\"500\" height=\"375\" src=\"https:\/\/www.youtube.com\/embed\/OPnf9GoJJyk?feature=oembed&#38;rel=0\" frameborder=\"0\" allowfullscreen=\"allowfullscreen\"><\/iframe><\/p>\n<p><span class=\"ilc_text_inline_Strong\"><b>Dirk Baecker<\/b><\/span> (geb. 1955) ist ein deutscher Soziologe und Inhaber des Lehrstuhls f\u00fcr Kulturtheorie und Management an der Universit\u00e4t Witten\/Herdecke (Quelle: Wikipedia).<\/p>\n","protected":false},"excerpt":{"rendered":"<p>Dirk Baecker: Was heisst grosse Soziologie? Wer mehr \u00fcber grosse Soziologen und grosse Gedanken der Soziologie wissen m\u00f6chte, kann sich das folgende Video anschauen: \u00abVier Denker geh\u00f6ren zu den Gr\u00fcndern der klassischen Sozialforschung: die Franzosen Gabriel de Tarde und \u00c9mile Durkheim und die Deutschen Max Weber und Georg Simmel. Auf diese grossen Vier antwortet Niklas [&hellip;]<\/p>\n","protected":false},"author":19,"menu_order":2,"template":"","meta":{"pb_show_title":"on","pb_short_title":"","pb_subtitle":"","pb_authors":[],"pb_section_license":""},"categories":[],"chapter-type":[],"contributor":[],"license":[],"class_list":["post-385","chapter","type-chapter","status-publish","hentry"],"part":114,"_links":{"self":[{"href":"https:\/\/zuugs.hfh.ch\/verhalten\/wp-json\/pressbooks\/v2\/chapters\/385","targetHints":{"allow":["GET"]}}],"collection":[{"href":"https:\/\/zuugs.hfh.ch\/verhalten\/wp-json\/pressbooks\/v2\/chapters"}],"about":[{"href":"https:\/\/zuugs.hfh.ch\/verhalten\/wp-json\/wp\/v2\/types\/chapter"}],"author":[{"embeddable":true,"href":"https:\/\/zuugs.hfh.ch\/verhalten\/wp-json\/wp\/v2\/users\/19"}],"version-history":[{"count":6,"href":"https:\/\/zuugs.hfh.ch\/verhalten\/wp-json\/pressbooks\/v2\/chapters\/385\/revisions"}],"predecessor-version":[{"id":1627,"href":"https:\/\/zuugs.hfh.ch\/verhalten\/wp-json\/pressbooks\/v2\/chapters\/385\/revisions\/1627"}],"part":[{"href":"https:\/\/zuugs.hfh.ch\/verhalten\/wp-json\/pressbooks\/v2\/parts\/114"}],"metadata":[{"href":"https:\/\/zuugs.hfh.ch\/verhalten\/wp-json\/pressbooks\/v2\/chapters\/385\/metadata\/"}],"wp:attachment":[{"href":"https:\/\/zuugs.hfh.ch\/verhalten\/wp-json\/wp\/v2\/media?parent=385"}],"wp:term":[{"taxonomy":"category","embeddable":true,"href":"https:\/\/zuugs.hfh.ch\/verhalten\/wp-json\/wp\/v2\/categories?post=385"},{"taxonomy":"chapter-type","embeddable":true,"href":"https:\/\/zuugs.hfh.ch\/verhalten\/wp-json\/pressbooks\/v2\/chapter-type?post=385"},{"taxonomy":"contributor","embeddable":true,"href":"https:\/\/zuugs.hfh.ch\/verhalten\/wp-json\/wp\/v2\/contributor?post=385"},{"taxonomy":"license","embeddable":true,"href":"https:\/\/zuugs.hfh.ch\/verhalten\/wp-json\/wp\/v2\/license?post=385"}],"curies":[{"name":"wp","href":"https:\/\/api.w.org\/{rel}","templated":true}]}}

<h2 class="ilc_page_title_PageTitle">Dirk Baecker: Was heisst grosse Soziologie?</h2>
<p class="ilc_Paragraph ilc_text_block_Standard">Wer mehr über grosse Soziologen und grosse Gedanken der Soziologie wissen möchte, kann sich das folgende Video anschauen: <span class="ilc_text_inline_Strong">«Vier Denker gehören zu den Gründern der klassischen Sozialforschung: die Franzosen Gabriel de Tarde und Émile Durkheim und die Deutschen Max Weber und Georg Simmel. Auf diese grossen Vier antwortet Niklas Luhmann». Darin </span> spricht der Soziologe <span class="ilc_text_inline_Emph"><i>Dirk Baecker</i> </span>über Gabriel de Tarde, Émile Durkheim, Max Weber, Georg Simmel und Niklas Luhmann (2008). Interview: Alexander Kluge.</p>
[embed]https://www.youtube.com/watch?v=OPnf9GoJJyk&amp;feature=emb_logo[/embed]

<span class="ilc_text_inline_Strong"><b>Dirk Baecker</b></span> (geb. 1955) ist ein deutscher Soziologe und Inhaber des Lehrstuhls für Kulturtheorie und Management an der Universität Witten/Herdecke (Quelle: Wikipedia).

<h2 class="ilc_page_title_PageTitle">Dirk Baecker: Was heisst grosse Soziologie?</h2>
<p class="ilc_Paragraph ilc_text_block_Standard">Wer mehr über grosse Soziologen und grosse Gedanken der Soziologie wissen möchte, kann sich das folgende Video anschauen: <span class="ilc_text_inline_Strong">«Vier Denker gehören zu den Gründern der klassischen Sozialforschung: die Franzosen Gabriel de Tarde und Émile Durkheim und die Deutschen Max Weber und Georg Simmel. Auf diese grossen Vier antwortet Niklas Luhmann». Darin </span> spricht der Soziologe <span class="ilc_text_inline_Emph"><i>Dirk Baecker</i> </span>über Gabriel de Tarde, Émile Durkheim, Max Weber, Georg Simmel und Niklas Luhmann (2008). Interview: Alexander Kluge.</p>
<p><iframe loading="lazy" id="oembed-1" title="Dirk Baecker: Was heißt große Soziologie? (dctp: Prime Time)" width="500" height="375" src="https://www.youtube.com/embed/OPnf9GoJJyk?feature=oembed&#38;rel=0" frameborder="0" allowfullscreen="allowfullscreen"></iframe></p>
<p><span class="ilc_text_inline_Strong"><b>Dirk Baecker</b></span> (geb. 1955) ist ein deutscher Soziologe und Inhaber des Lehrstuhls für Kulturtheorie und Management an der Universität Witten/Herdecke (Quelle: Wikipedia).</p>

<p>Dirk Baecker: Was heisst grosse Soziologie? Wer mehr über grosse Soziologen und grosse Gedanken der Soziologie wissen möchte, kann sich das folgende Video anschauen: «Vier Denker gehören zu den Gründern der klassischen Sozialforschung: die Franzosen Gabriel de Tarde und Émile Durkheim und die Deutschen Max Weber und Georg Simmel. Auf diese grossen Vier antwortet Niklas [&hellip;]</p>
