{"id":3,"date":"2021-09-05T11:52:35","date_gmt":"2021-09-05T09:52:35","guid":{"rendered":"https:\/\/zuugs.hfh.ch\/entwicklung\/2021\/09\/05\/main-body\/"},"modified":"2021-09-06T17:43:15","modified_gmt":"2021-09-06T15:43:15","slug":"main-body","status":"publish","type":"part","link":"https:\/\/zuugs.hfh.ch\/entwicklung\/part\/main-body\/","title":{"raw":"Entwicklungsbereiche","rendered":"Entwicklungsbereiche"},"content":{"raw":"<p class=\"p1\">Lernen und Entwicklungsbereiche sind eng miteinander verwoben und verflochten. Die nachfolgende Abbildung veranschaulicht diese Sichtweise.\u00a0Die Verflechtung der verschiedenen Bereiche hat zur Folge, dass sich Einschr\u00e4nkungen, Entwicklungsbesonderheiten und Erschwernisse in einem der Bereiche sehr komplex auswirken k\u00f6nnen. Umgekehrt kann jedoch die p\u00e4dagogisch relevante Schlussfolgerung gezogen werden, dass sich Erschwernisse durch das Zusammenspiel bzw. durch eine spezifische Intervention in einzelnen oder mehreren Bereichen vermeiden oder abmildern lassen.<\/p>\r\n<img class=\"alignnone wp-image-75\" src=\"https:\/\/zuugs.hfh.ch\/entwicklung\/wp-content\/uploads\/sites\/101\/2021\/09\/Entwicklungsbereiche-nach-Fo\u0308hlich-300x57.png\" alt=\"Agebildet sind die Bereiche Wahrnehmung, Sprache, Motorik, Soziabilit\u00e4t, Emotionen und Kognition\" width=\"500\" height=\"95\" \/>\r\n<p class=\"p1\">Blindheit und Sehbehinderung k\u00f6nnen innerhalb dieses Geflechts als \u00bb<em><strong>intervenierende Variable<\/strong><\/em>\u00ab (Hudelmayer, 1975, 35) verstanden werden, die sich auf s\u00e4mtliche Entwicklungsbereiche auswirken kann. Inwiefern und in welchem Ausma\u00df dies geschieht, h\u00e4ngt von vielf\u00e4ltigen Faktoren wie beispielsweise dem Zeitpunkt des Eintritts und der Ursache der Blindheit bzw. Sehbehinderung, dem Grad der vorhandenen Sehf\u00e4higkeit oder dem Vorliegen einer Mehrfachbehinderung ab.<\/p>\r\nNachfolgend wird auf die Besonderheiten von Kindern und Jugendlichen mit Blindheit und Sehbeeintr\u00e4chtigung in den Bereichen <strong>Motorik, Kognition, Sprache<\/strong> und im <strong>sozial-emotionalen<\/strong> Bereich n\u00e4her eingegangen.\r\n\r\n&nbsp;","rendered":"<p class=\"p1\">Lernen und Entwicklungsbereiche sind eng miteinander verwoben und verflochten. Die nachfolgende Abbildung veranschaulicht diese Sichtweise.\u00a0Die Verflechtung der verschiedenen Bereiche hat zur Folge, dass sich Einschr\u00e4nkungen, Entwicklungsbesonderheiten und Erschwernisse in einem der Bereiche sehr komplex auswirken k\u00f6nnen. Umgekehrt kann jedoch die p\u00e4dagogisch relevante Schlussfolgerung gezogen werden, dass sich Erschwernisse durch das Zusammenspiel bzw. durch eine spezifische Intervention in einzelnen oder mehreren Bereichen vermeiden oder abmildern lassen.<\/p>\n<p><img loading=\"lazy\" decoding=\"async\" class=\"alignnone wp-image-75\" src=\"https:\/\/zuugs.hfh.ch\/entwicklung\/wp-content\/uploads\/sites\/101\/2021\/09\/Entwicklungsbereiche-nach-Fo\u0308hlich-300x57.png\" alt=\"Agebildet sind die Bereiche Wahrnehmung, Sprache, Motorik, Soziabilit\u00e4t, Emotionen und Kognition\" width=\"500\" height=\"95\" srcset=\"https:\/\/zuugs.hfh.ch\/entwicklung\/wp-content\/uploads\/sites\/101\/2021\/09\/Entwicklungsbereiche-nach-Fo\u0308hlich-300x57.png 300w, https:\/\/zuugs.hfh.ch\/entwicklung\/wp-content\/uploads\/sites\/101\/2021\/09\/Entwicklungsbereiche-nach-Fo\u0308hlich-65x12.png 65w, https:\/\/zuugs.hfh.ch\/entwicklung\/wp-content\/uploads\/sites\/101\/2021\/09\/Entwicklungsbereiche-nach-Fo\u0308hlich-225x43.png 225w, https:\/\/zuugs.hfh.ch\/entwicklung\/wp-content\/uploads\/sites\/101\/2021\/09\/Entwicklungsbereiche-nach-Fo\u0308hlich-350x67.png 350w, https:\/\/zuugs.hfh.ch\/entwicklung\/wp-content\/uploads\/sites\/101\/2021\/09\/Entwicklungsbereiche-nach-Fo\u0308hlich.png 659w\" sizes=\"auto, (max-width: 500px) 100vw, 500px\" \/><\/p>\n<p class=\"p1\">Blindheit und Sehbehinderung k\u00f6nnen innerhalb dieses Geflechts als \u00bb<em><strong>intervenierende Variable<\/strong><\/em>\u00ab (Hudelmayer, 1975, 35) verstanden werden, die sich auf s\u00e4mtliche Entwicklungsbereiche auswirken kann. Inwiefern und in welchem Ausma\u00df dies geschieht, h\u00e4ngt von vielf\u00e4ltigen Faktoren wie beispielsweise dem Zeitpunkt des Eintritts und der Ursache der Blindheit bzw. Sehbehinderung, dem Grad der vorhandenen Sehf\u00e4higkeit oder dem Vorliegen einer Mehrfachbehinderung ab.<\/p>\n<p>Nachfolgend wird auf die Besonderheiten von Kindern und Jugendlichen mit Blindheit und Sehbeeintr\u00e4chtigung in den Bereichen <strong>Motorik, Kognition, Sprache<\/strong> und im <strong>sozial-emotionalen<\/strong> Bereich n\u00e4her eingegangen.<\/p>\n<p>&nbsp;<\/p>\n","protected":false},"excerpt":{"rendered":"<p>Lernen und Entwicklungsbereiche sind eng miteinander verwoben und verflochten. Die nachfolgende Abbildung veranschaulicht diese Sichtweise.\u00a0Die Verflechtung der verschiedenen Bereiche hat zur Folge, dass sich Einschr\u00e4nkungen, Entwicklungsbesonderheiten und Erschwernisse in einem der Bereiche sehr komplex auswirken k\u00f6nnen. Umgekehrt kann jedoch die p\u00e4dagogisch relevante Schlussfolgerung gezogen werden, dass sich Erschwernisse durch das Zusammenspiel bzw. durch eine spezifische [&hellip;]<\/p>\n","protected":false},"parent":0,"menu_order":2,"template":"","meta":{"pb_part_invisible":false,"pb_part_invisible_string":""},"contributor":[],"license":[],"class_list":["post-3","part","type-part","status-publish","hentry"],"_links":{"self":[{"href":"https:\/\/zuugs.hfh.ch\/entwicklung\/wp-json\/pressbooks\/v2\/parts\/3","targetHints":{"allow":["GET"]}}],"collection":[{"href":"https:\/\/zuugs.hfh.ch\/entwicklung\/wp-json\/pressbooks\/v2\/parts"}],"about":[{"href":"https:\/\/zuugs.hfh.ch\/entwicklung\/wp-json\/wp\/v2\/types\/part"}],"version-history":[{"count":4,"href":"https:\/\/zuugs.hfh.ch\/entwicklung\/wp-json\/pressbooks\/v2\/parts\/3\/revisions"}],"predecessor-version":[{"id":76,"href":"https:\/\/zuugs.hfh.ch\/entwicklung\/wp-json\/pressbooks\/v2\/parts\/3\/revisions\/76"}],"wp:attachment":[{"href":"https:\/\/zuugs.hfh.ch\/entwicklung\/wp-json\/wp\/v2\/media?parent=3"}],"wp:term":[{"taxonomy":"contributor","embeddable":true,"href":"https:\/\/zuugs.hfh.ch\/entwicklung\/wp-json\/wp\/v2\/contributor?post=3"},{"taxonomy":"license","embeddable":true,"href":"https:\/\/zuugs.hfh.ch\/entwicklung\/wp-json\/wp\/v2\/license?post=3"}],"curies":[{"name":"wp","href":"https:\/\/api.w.org\/{rel}","templated":true}]}}

<p class="p1">Lernen und Entwicklungsbereiche sind eng miteinander verwoben und verflochten. Die nachfolgende Abbildung veranschaulicht diese Sichtweise. Die Verflechtung der verschiedenen Bereiche hat zur Folge, dass sich Einschränkungen, Entwicklungsbesonderheiten und Erschwernisse in einem der Bereiche sehr komplex auswirken können. Umgekehrt kann jedoch die pädagogisch relevante Schlussfolgerung gezogen werden, dass sich Erschwernisse durch das Zusammenspiel bzw. durch eine spezifische Intervention in einzelnen oder mehreren Bereichen vermeiden oder abmildern lassen.</p>
<img class="alignnone wp-image-75" src="https://zuugs.hfh.ch/entwicklung/wp-content/uploads/sites/101/2021/09/Entwicklungsbereiche-nach-Föhlich-300x57.png" alt="Agebildet sind die Bereiche Wahrnehmung, Sprache, Motorik, Soziabilität, Emotionen und Kognition" width="500" height="95" />
<p class="p1">Blindheit und Sehbehinderung können innerhalb dieses Geflechts als »<em><strong>intervenierende Variable</strong></em>« (Hudelmayer, 1975, 35) verstanden werden, die sich auf sämtliche Entwicklungsbereiche auswirken kann. Inwiefern und in welchem Ausmaß dies geschieht, hängt von vielfältigen Faktoren wie beispielsweise dem Zeitpunkt des Eintritts und der Ursache der Blindheit bzw. Sehbehinderung, dem Grad der vorhandenen Sehfähigkeit oder dem Vorliegen einer Mehrfachbehinderung ab.</p>
Nachfolgend wird auf die Besonderheiten von Kindern und Jugendlichen mit Blindheit und Sehbeeinträchtigung in den Bereichen <strong>Motorik, Kognition, Sprache</strong> und im <strong>sozial-emotionalen</strong> Bereich näher eingegangen.

&nbsp;

<p class="p1">Lernen und Entwicklungsbereiche sind eng miteinander verwoben und verflochten. Die nachfolgende Abbildung veranschaulicht diese Sichtweise. Die Verflechtung der verschiedenen Bereiche hat zur Folge, dass sich Einschränkungen, Entwicklungsbesonderheiten und Erschwernisse in einem der Bereiche sehr komplex auswirken können. Umgekehrt kann jedoch die pädagogisch relevante Schlussfolgerung gezogen werden, dass sich Erschwernisse durch das Zusammenspiel bzw. durch eine spezifische Intervention in einzelnen oder mehreren Bereichen vermeiden oder abmildern lassen.</p>
<p><img loading="lazy" decoding="async" class="alignnone wp-image-75" src="https://zuugs.hfh.ch/entwicklung/wp-content/uploads/sites/101/2021/09/Entwicklungsbereiche-nach-Föhlich-300x57.png" alt="Agebildet sind die Bereiche Wahrnehmung, Sprache, Motorik, Soziabilität, Emotionen und Kognition" width="500" height="95" srcset="https://zuugs.hfh.ch/entwicklung/wp-content/uploads/sites/101/2021/09/Entwicklungsbereiche-nach-Föhlich-300x57.png 300w, https://zuugs.hfh.ch/entwicklung/wp-content/uploads/sites/101/2021/09/Entwicklungsbereiche-nach-Föhlich-65x12.png 65w, https://zuugs.hfh.ch/entwicklung/wp-content/uploads/sites/101/2021/09/Entwicklungsbereiche-nach-Föhlich-225x43.png 225w, https://zuugs.hfh.ch/entwicklung/wp-content/uploads/sites/101/2021/09/Entwicklungsbereiche-nach-Föhlich-350x67.png 350w, https://zuugs.hfh.ch/entwicklung/wp-content/uploads/sites/101/2021/09/Entwicklungsbereiche-nach-Föhlich.png 659w" sizes="auto, (max-width: 500px) 100vw, 500px" /></p>
<p class="p1">Blindheit und Sehbehinderung können innerhalb dieses Geflechts als »<em><strong>intervenierende Variable</strong></em>« (Hudelmayer, 1975, 35) verstanden werden, die sich auf sämtliche Entwicklungsbereiche auswirken kann. Inwiefern und in welchem Ausmaß dies geschieht, hängt von vielfältigen Faktoren wie beispielsweise dem Zeitpunkt des Eintritts und der Ursache der Blindheit bzw. Sehbehinderung, dem Grad der vorhandenen Sehfähigkeit oder dem Vorliegen einer Mehrfachbehinderung ab.</p>
<p>Nachfolgend wird auf die Besonderheiten von Kindern und Jugendlichen mit Blindheit und Sehbeeinträchtigung in den Bereichen <strong>Motorik, Kognition, Sprache</strong> und im <strong>sozial-emotionalen</strong> Bereich näher eingegangen.</p>
<p>&nbsp;</p>

<p>Lernen und Entwicklungsbereiche sind eng miteinander verwoben und verflochten. Die nachfolgende Abbildung veranschaulicht diese Sichtweise. Die Verflechtung der verschiedenen Bereiche hat zur Folge, dass sich Einschränkungen, Entwicklungsbesonderheiten und Erschwernisse in einem der Bereiche sehr komplex auswirken können. Umgekehrt kann jedoch die pädagogisch relevante Schlussfolgerung gezogen werden, dass sich Erschwernisse durch das Zusammenspiel bzw. durch eine spezifische [&hellip;]</p>
